3)). Let y(c) = c**3 - c - 3*c**2 + b*c**2 - 6*c + 8*c**2. What is the units digit of y(-6)?
6
Suppose 3*s + 185 = -y, 3*y = 3*s + 15 + 162. Let l = 86 + s. What is the units digit of l?
5
Let q be (-2)/(-5)*(0 + 130). Let g = q + -14. What is the tens digit of g/4 - 9/(-6)?
1
Let g = -33 - -41. Suppose z = j - 4, 2*j = j - z + g. What is the units digit of j?
6
Let d = 4731 + -3217. What is the units digit of d?
4
What is the thousands digit of (26481/(-63))/(((-2)/(-3))/(-2))?
1
Let u(z) = 2*z**3 - 2*z - 1. Let r(k) = 3*k + 5. Let m be r(-5). Let x be 48/20 + 4/m. What is the units digit of u(x)?
1
Let z(b) = -6 - 43*b**2 + 10*b + 35*b**2 + 0*b**3 + b**3. What is the units digit of z(7)?
5
Suppose -t - 4 = x, 2*t + x - 12 = 4*x. Suppose -b - 4*b = t. Suppose -3*h + 147 = 4*d, -2*h + 4*h - 2 = b. What is the tens digit of d?
3
What is the hundreds digit of 184/23*557/4?
1
Let m(n) = -n**3 + n**2 - 2*n + 34. What is the units digit of m(-10)?
4
Let f(a) = 2*a**2 - 4*a - 6. Let r be f(-4). Suppose -20*z = -25*z + 295. Let d = z - r. What is the tens digit of d?
1
Suppose 0 = 2*u - 7*u. Suppose 0*i + 2*i - 6 = u. What is the units digit of 2 + (-2)/(-1 + i)?
1
Suppose 2*l - 16 = -6. Let y = l + 0. Suppose 14 + 91 = y*m. What is the units digit of m?
1
Let q(d) = -d**2 - 3*d - 2. Let b be q(4). What is the units digit of ((-2)/(-9) - 154/45)*b?
6
Let m(p) be the first derivative of -2*p**2 + 18*p - 30. What is the tens digit of m(-20)?
9
Let j(w) = w**2 - 8*w + 10. Let g be j(8). Suppose q - g = 3*q. Let z(n) = -n**2 - 5*n + 3. What is the units digit of z(q)?
3
Let k be (3 - 2)/(-2)*-8. Suppose f - o = 58, -4*f + k*o = 2*o - 226. Suppose 3*z - f = -2*t + 11, 0 = -4*t - 5*z + 136. What is the tens digit of t?
3
Let i(v) = 9*v - 9. Let b(a) = a. Let d(q) = b(q) - i(q). What is the units digit of d(-7)?
5
Let b be (-1)/4 + (-7 - 572/16). Let l = b + 107. What is the tens digit of l?
6
Suppose -114*m = 4*x - 118*m - 7264, 5*x = m + 9084. What is the units digit of x?
7
Let l(n) = 8 - 3*n + 5*n - 6*n. What is the units digit of l(-3)?
0
Let i be (6/1*2)/2. Let n be (-90)/(-24) + i/(-8). Suppose -5*p + 17 = n*f, -p + 5*p + 8 = 3*f. What is the units digit of p?
1
Let k(s) = -19*s**3 + 3*s. Let p be (-2)/13 + (-4 - (-56)/26). What is the tens digit of k(p)?
4
Suppose -2*x + 20 = -7*x, -m - 5*x + 582 = 0. What is the hundreds digit of m?
6
Let o = -12 + 17. Let d(w) = 0*w**2 + 4 - 5*w + 5*w + o*w**2. What is the units digit of d(-2)?
4
Suppose 5*r = -3*n - 0*n + 18659, -3*r + 2*n = -11203. What is the units digit of r?
3
Let a = 1163 - 519. What is the tens digit of a?
4
Let p = 2926 - 1334. What is the thousands digit of p?
1
Let y(b) = -b**3 + 4*b**2 + 13*b + 1. Let a be y(-6). Suppose -a + 23 = -4*u. What is the units digit of u?
5
Let o = -185 - -341. Suppose -5*h = -4*h - 11. Suppose h*t - o = 7*t. What is the tens digit of t?
3
Let v(p) = -293*p**3 + 4*p**2 + 5*p + 3. What is the units digit of v(-1)?
5
Suppose -178 + 1726 = 3*a. What is the units digit of a?
6
Suppose -2530 = -3*l - 133. What is the hundreds digit of l?
7
Let x = -43 + 41. What is the tens digit of (-1)/(-2)*-122*x?
2
Let c = 699 - 359. What is the units digit of c?
0
Let z(f) = -f**3 - 16*f**2 + 16*f - 7. Let k(r) = 2*r + 1. Suppose 2*x - 11 - 24 = 5*i, 4*i = -4*x - 56. Let n be k(i). What is the tens digit of z(n)?
1
Suppose -4*f + 6*f = 8. Suppose 5*b + k - 277 = -0*k, -5*k = -f*b + 210. Suppose b = 2*d + 3*d. What is the tens digit of d?
1
Suppose -3*i = 3*z - 309, -2*z - 221 = -2*i - z. Suppose -4*r = -i - 108. What is the tens digit of r?
5
Let j(v) = 2*v**2 - 3*v + 3. Let t be (-9)/3 + (-3 - -8). Let n be j(t). Suppose l + n*b = 12, 6*l - 3*l - 20 = b. What is the units digit of l?
7
Let w = 846 - 109. What is the tens digit of w?
3
Let z(r) be the second derivative of r**3/6 + 2*r**2 + 5*r. Let q be z(-2). Suppose q*p + 98 = 5*m, 3*m = -4*p - 30 + 94. What is the tens digit of m?
2
Let g(b) = -b**2 - 11*b - 15. Let r be g(-11). Let y(s) = -53*s - 20. Let c be y(r). What is the tens digit of (-1)/(-4) + c/20?
3
Let j(q) = q**2 - 2*q**2 - 7 + q**2 + q**2 + 3*q. Let p be j(-7). Let g = -18 + p. What is the units digit of g?
3
Let l(d) = 3*d - 98. Let p be l(29). Let z(u) = -u**2 - 18*u - 2. What is the tens digit of z(p)?
7
Let h = -123 - -84. Let x = -4 - h. Suppose -5*y - 11 - 4 = 0, 2*m - y = x. What is the units digit of m?
6
Suppose -15 = -3*t + 9. What is the tens digit of 2752/26 + t/52?
0
Let i(h) = -21*h - 42. What is the units digit of i(-6)?
4
Let x be 2*3/((-12)/22). Let j = -8 + x. Let m = j - -69. What is the units digit of m?
0
Let g(i) = -2*i**3 + 3*i**2 - 7*i - 74. What is the hundreds digit of g(-8)?
1
Suppose -37 = -k + 4*g + 72, 2*k - 218 = -5*g. Suppose b - 30 = 4*j, 2*j + k - 17 = 4*b. What is the units digit of b?
2
Suppose -4216 = -4*n - 5*q, -16*n = -17*n - 5*q + 1054. What is the units digit of n?
4
Suppose 0*h + 5*a = 4*h - 819, 3 = 3*a. Let f = h + -48. What is the hundreds digit of f?
1
Suppose -5*z + 4 = -5*k - 1, 0 = 4*z - k - 13. What is the units digit of 3*(-39)/(-9)*z?
2
What is the units digit of 3/(1*-6) - 9736/(-16)?
8
Suppose -3*c + 5*c - 4 = 0, 5*a - c = 4593. What is the units digit of a?
9
Let f = 852 + -368. What is the units digit of f?
4
Let h(w) be the third derivative of -w**4/6 - 17*w**3/6 - 8*w**2. Let n be h(-13). Suppose 4 = v - 2*z - n, -168 = -4*v + 2*z. What is the tens digit of v?
4
Let d = 39 - 36. Suppose 592 = 3*k + 4*q - 5*q, d*q - 6 = 0. What is the tens digit of k?
9
Let g(p) = 3*p**2 + 2*p - 15. Let j(q) = 6*q**2 + 5*q - 29. Let k(v) = -7*g(v) + 4*j(v). What is the units digit of k(4)?
1
Let f be 3/(36/40)*-12. Suppose -4*b + 7*b - 183 = 0. Let j = f + b. What is the units digit of j?
1
Let s be (11 + -1)*(-8)/(-20). What is the tens digit of -27*s/(-3) - (1 - 5)?
4
What is the tens digit of (31 - 8)/(2/22)?
5
Let n = -17 + 15. Let s be (1 + 189/(-6))*n. Let g = -28 + s. What is the tens digit of g?
3
Let o(i) = 2*i**2 - i - 4. Suppose -2*m + 11 = -1. Suppose 0 = -2*f - f + m. What is the units digit of o(f)?
2
Suppose 3*t = -3*z + 330, 2*t - 48*z + 45*z = 210. What is the units digit of t?
8
Let k = -112 + 46. Let n be ((-15)/(-5))/(9/k). Let y = 33 + n. What is the tens digit of y?
1
Let r(t) = 5*t + 507. What is the tens digit of r(-16)?
2
What is the thousands digit of (960/(-144))/(1/(-222))?
1
Let f be (-4 - -4) + 17 + 4/(-2). What is the units digit of f/10*392/6?
8
Suppose -x - 18060 = -16*x. What is the units digit of x?
4
Let f = 301 + -143. What is the tens digit of f?
5
Let c = 5448 - 3559. What is the hundreds digit of c?
8
Suppose 5*x + 11*p - 2498 = 10*p, 0 = -5*p - 10. What is the tens digit of x?
0
Suppose -z = 9 - 8. Let p be (1/z)/(6/(-12)). Let b = p + 14. What is the units digit of b?
6
Let j(y) = 2*y + 4. Let t be j(-4). Let f(b) be the third derivative of -b**5/60 - 7*b**4/24 - 5*b**3/6 - 2*b**2. What is the units digit of f(t)?
7
Suppose 0*p = -4*p. Suppose p*c = -c + 106. Suppose -26 = 2*q - c. What is the units digit of q?
0
Suppose 5*w - 17*v = -21*v + 6583, 0 = -w + 2*v + 1311. What is the thousands digit of w?
1
Let p(l) = l**2 - 4*l - 7. Let d be p(7). What is the tens digit of 1 + 4/d + 1074/14?
7
What is the thousands digit of (906 - (-2 + 2))*2?
1
Suppose 7*b = 3*b + 16. Suppose 0*d - 2 = 3*d + b*a, 4*d + 3*a = -12. What is the units digit of 18/(-4)*16/d?
2
Let f = 10 + -7. Suppose 3*v + 2*s = -0*s + 11, -6 = 3*s. Suppose -34 = -i + f*d - d, -v*i + d = -188. What is the units digit of i?
8
Let y be (8/(-6))/(26/(-39)). Suppose 0 = -3*k - y*x - 22, 5*k + x + 0*x + 46 = 0. What is the units digit of (4/k)/((-4)/790)?
9
Suppose 3*h = -3*n + 1257, -h + 4*n + 1292 = 2*h. What is the units digit of h?
4
Let t = 1168 - -1573. What is the tens digit of t?
4
Suppose -2*j + 2*b = -3*j + 905, -4*j + 5*b = -3568. What is the units digit of j?
7
Let p = 19 - -21. Suppose 0*f - 4*f + p = 0. What is the tens digit of f?
1
Let n(x) = x**2 - 7*x - 12. Let l be n(-11). Suppose 27*i = 29*i - l. What is the units digit of i?
3
Suppose 0*m = -4*m + 3*f + 15, 3*m = 5*f + 25. Let h be 90/2*(0 + 6/18). Suppose -3*i - x + m*x = -49, -x - h = -i. What is the units digit of i?
6
Let a(p) = 517*p + 45. 